 4984?
9
What is the ten thousands digit of 10659?
1
What is the units digit of 998?
8
What is the hundreds digit of 54228?
2
What is the thousands digit of 8840?
8
What is the tens digit of 131839?
3
What is the tens digit of 145323?
2
What is the thousands digit of 5422?
5
What is the units digit of 875?
5
What is the units digit of 190?
0
What is the tens digit of 68?
6
What is the tens digit of 706?
0
What is the thousands digit of 5300?
5
What is the tens digit of 81272?
7
What is the thousands digit of 1407?
1
What is the units digit of 23629?
9
What is the tens digit of 397?
9
What is the hundreds digit of 186?
1
What is the ten thousands digit of 93707?
9
What is the ten thousands digit of 30321?
3
What is the hundreds digit of 14252?
2
What is the ten thousands digit of 95009?
9
What is the hundreds digit of 730?
7
What is the units digit of 1014?
4
What is the tens digit of 42979?
7
What is the units digit of 2012?
2
What is the tens digit of 14296?
9
What is the units digit of 713?
3
What is the thousands digit of 6676?
6
What is the units digit of 90572?
2
What is the hundreds digit of 96964?
9
What is the thousands digit of 15714?
5
What is the thousands digit of 14814?
4
What is the ten thousands digit of 55232?
5
What is the ten thousands digit of 16460?
1
What is the thousands digit of 2966?
2
What is the units digit of 1550?
0
What is the units digit of 67541?
1
What is the hundreds digit of 2150?
1
What is the units digit of 36789?
9
What is the thousands digit of 52849?
2
What is the units digit of 60286?
6
What is the units digit of 15179?
9
What is the ten thousands digit of 41932?
4
What is the thousands digit of 5384?
5
What is the hundreds digit of 1417?
4
What is the units digit of 119?
9
What is the units digit of 1547?
7
What is the units digit of 685?
5
What is the thousands digit of 52936?
2
What is the tens digit of 772?
7
What is the hundreds digit of 1878?
8
What is the tens digit of 1757?
5
What is the tens digit of 16747?
4
What is the units digit of 2334?
4
What is the units digit of 8719?
9
What is the units digit of 720?
0
What is the tens digit of 1018?
1
What is the units digit of 2337?
7
What is the hundreds digit of 582?
5
What is the units digit of 24483?
3
What is the units digit of 4169?
9
What is the tens digit of 1723?
2
What is the units digit of 22426?
6
What is the thousands digit of 3708?
3
What is the units digit of 1977?
7
What is the ten thousands digit of 58083?
5
What is the tens digit of 639?
3
What is the units digit of 44853?
3
What is the ten thousands digit of 13233?
1
What is the tens digit of 26169?
6
What is the thousands digit of 10925?
0
What is the units digit of 2693?
3
What is the thousands digit of 2168?
2
What is the tens digit of 1651?
5
What is the tens digit of 25?
2
What is the thousands digit of 1033?
1
What is the tens digit of 8532?
3
What is the units digit of 1378?
8
What is the units digit of 38237?
7
What is the hundreds digit of 1781?
7
What is the thousands digit of 2719?
2
What is the thousands digit of 1158?
1
What is the tens digit of 163653?
5
What is the hundreds digit of 828?
8
What is the hundreds digit of 7184?
1
What is the units digit of 1034?
4
What is the hundreds digit of 60056?
0
What is the thousands digit of 7212?
7
What is the thousands digit of 6209?
6
What is the units digit of 1129?
9
What is the ten thousands digit of 93934?
9
What is the thousands digit of 5991?
5
What is the thousands digit of 1006?
1
What is the tens digit of 2905?
0
What is the tens digit of 8147?
4
What is the hundreds digit of 10568?
5
What is the units digit of 1048?
8
What is the hundreds digit of 18118?
1
What is the tens digit of 3947?
4
What is the thousands digit of 2781?
2
What is the tens digit of 5746?
4
What is the thousands digit of 21016?
1
What is the hundreds digit of 723?
7
What is the tens digit of 3683?
8
What is the tens digit of 289?
8
What is the ten thousands digit of 124200?
2
What is the tens digit of 26776?
7
What is the tens digit of 823?
2
What is the tens digit of 88255?
5
What is the units digit of 158?
8
What is the units digit of 1514?
4
What is the hundreds digit of 1478?
4
What is the tens digit of 100483?
8
What is the tens digit of 1294?
9
What is the units digit of 36578?
8
What is the hundreds digit of 47941?
9
What is the hundreds digit of 44846?
8
What is the units digit of 124?
4
What is the hundreds digit of 31252?
2
What is the thousands digit of 3157?
3
What is the tens digit of 96174?
7
What is the hundreds digit of 435?
4
What is the tens digit of 1018?
1
What is the tens digit of 6167?
6
What is the thousands digit of 48151?
8
What is the tens digit of 1140?
4
What is the hundreds digit of 123079?
0
What is the units digit of 1816?
6
What is the hundreds digit of 36115?
1
What is the units digit of 2619?
9
What is the units digit of 52880?
0
What is the hundreds digit of 8114?
1
What is the units digit of 1373?
3
What is the thousands digit of 10685?
0
What is the units digit of 1455?
5
What is the thousands digit of 7310?
7
What is the tens digit of 140?
4
What is the thousands digit of 73734?
3
What is the hundreds digit of 1046?
0
What is the units digit of 2335?
5
What is the hundreds digit of 62904?
9
What is the units digit of 10087?
7
What is the units digit of 57163?
3
What is the ten thousands digit of 12079?
1
What is the units digit of 7418?
8
What is the tens digit of 2869?
6
What is the hundreds digit of 424?
4
What is the units digit of 9446?
6
What is the hundreds digit of 877?
8
What is the thousands digit of 84102?
4
What is the units digit of 11409?
9
What is the tens digit of 68414?
1
What is the tens digit of 81?
8
What is the tens digit of 30099?
9
What is the hundreds digit of 24305?
3
What is the ten thousands digit of 24391?
2
What is the hundreds digit of 2732?
7
What is the thousands digit of 8227?
8
What is the units digit of 1409?
9
What is the thousands digit of 19651?
9
What is the hundreds digit of 353?
3
What is the thousands digit of 8388?
8
What is the hundreds digit of 1981?
9
What is the thousands digit of 4421?
4
What is the hundreds digit of 9596?
5
What is the ten thousands digit of 82673?
8
What is the units digit of 1365?
5
What is the tens digit of 10079?
7
What is the thousands digit of 54407?
4
What is the hundreds digit of 16558?
5
What is the units digit of 32681?
1
What is the thousands digit of 64053?
4
What is the tens digit of 13081?
8
What is the ten thousands digit of 92394?
9
What is the units digit of 8618?
8
What is the units digit of 1743?
3
What is the tens digit of 5389?
8
What is the tens digit of 1996?
9
What is the tens digit of 210?
1
What is the units digit of 1372?
2
What is the tens digit of 722?
2
What is the ten thousands digit of 24521?
2
What is the units digit of 11535?
5
What is the ten thousands digit of 12018?
1
What is the hundreds digit of 1435?
4
What is the hundreds digit of 2719?
7
What is the units digit of 852?
2
What is the units digit of 25044?
4
What is the units digit of 6199?
9
What is the units digit of 6335?
5
What is the units digit of 36606?
6
What is the hundreds digit of 3113?
1
What is the hundreds digit of 64350?
3
What is the units digit of 8307?
7
What is the units digit of 26910?
0
What is the hundreds digit of 669?
6
What is the units digit of 123354?
4
What is the tens digit of 1006?
0
What is the ten thousands digit of 40720?
4
What is the thousands digit of 1689?
1
What is the tens digit of 8821?
2
What is the tens digit of 1025?
2
What is the tens digit of 205?
0
What is the thousands digit of 9688?
9
What is the hundreds digit of 3045?
0
What is the hundreds digit of 11280?
2
What is the tens digit of 1645?
4
What is the thousands digit of 18026?
8
What is the thousands digit of 8613?
8
What is the ten thousands digit of 79718?
7
What is the units digit of 8775?
5
What is the ten thousands digit of 53686?
5
What is the thousands digit of 8984?
8
What is the hundreds digit of 1722?
7
What is the units digit of 746?
6
What is the units digit of 3327?
7
What is the tens digit of 1594?
9
What is the thousands digit of 2203?
2
What is the ten thousands digit of 36369?
3
What is the ten thousands digit of 11546?
1
What is the